reatest common divisor of i and g?
9
Let l(k) = 15*k**2 - k. Let y be l(-1). Let o be (-46)/(-16) + y/128. What is the greatest common factor of 33 and o?
3
Let k(w) = -w + 15. Let d be k(13). Suppose r - 7 = 5*u - 0, 0 = -5*r + d*u - 11. Let c be (-2 - (-5 + -2)) + r. What is the greatest common divisor of c and 3?
1
Suppose 7*b - 160 = 71. Suppose -b - 17 = -2*w. What is the highest common divisor of 10 and w?
5
Let w(k) = 36*k**2 - 5*k - 5. Let y be w(-1). What is the highest common divisor of 9 and y?
9
Let l be 0*(3/2 - 1). Suppose 7*y + y - 104 = l. Calculate the highest common factor of 143 and y.
13
Let x = 3 + 7. Suppose 8 = -4*f - 4, 2*q - 5*f - 35 = 0. Calculate the highest common divisor of x and q.
10
Suppose 4*r + 32 - 56 = 0. What is the greatest common divisor of 6 and r?
6
Let r = 53 - 53. Suppose -4*a - 2*j + 12 = r, 2 = -6*a + 2*a + 5*j. What is the greatest common divisor of a and 16?
2
Suppose 0 = 679*c - 681*c + 1020. Calculate the highest common divisor of c and 60.
30
Suppose -107*j = -99*j + 184. Let r = -16 - j. What is the highest common factor of 1 and r?
1
Let j(z) = -6*z**2 - 5*z + 6. Let b be j(-10). Let t be 3 + 1 - b/8. What is the highest common divisor of 8 and t?
8
Let b be 5/1*4/10. Let i = 10 - b. Let z(w) = -w**2 - 12*w + 9. Let v be z(-11). Calculate the greatest common divisor of i and v.
4
Suppose -4*s - x = -8*s + 148, 5*x + 92 = 2*s. Let d = 136 + -70. Let o be 194/22 - (-12)/d. Calculate the greatest common divisor of s and o.
9
Suppose 4*d + 5*l - 1541 = 0, 5*d + 3*l = 7*l + 1916. What is the greatest common factor of 6 and d?
6
Suppose 5*a + 8 + 127 = 5*m, a + 155 = 5*m. Calculate the greatest common divisor of m and 8.
8
Suppose 0 = -2*d, t - 1020 = -3*t + 2*d. Calculate the greatest common factor of t and 153.
51
Suppose 3*i - 12 = -3. Suppose o + i*o = -20. Let n = o - -17. Calculate the highest common factor of n and 48.
12
Suppose -5*f + 140 = -55. What is the greatest common factor of f and 52?
13
Let b(x) = 7*x**2 + 13*x - 5. Let p be b(-7). What is the greatest common divisor of 26 and p?
13
Suppose -89*z + 92*z = 66. Calculate the greatest common divisor of 2354 and z.
22
Let v(p) = p**2 + 8*p - 110. Let x be v(8). What is the highest common divisor of x and 138?
6
Suppose -37*r + 11*r = -1144. What is the greatest common factor of 11 and r?
11
Suppose 16*r - 14*r = 0. Suppose -2*k + w + 41 = r, 3*k = -k - w + 85. What is the highest common factor of 7 and k?
7
Let h(m) = -m**3 + 7*m**2 - 11*m + 33. Let b be h(6). What is the greatest common divisor of 39 and b?
3
Let a = -9 - -4. Let m be -8*((a - 7) + 1). Calculate the highest common divisor of 11 and m.
11
Let z be -3 - (1 + -2) - -4. Let p(s) = 3*s + 10. Let y be p(-10). Let r be (1 + 108/y)*-5. Calculate the highest common divisor of z and r.
2
Let k = -142 - -192. Calculate the highest common divisor of k and 150.
50
Suppose -4*d = 5*t - 2*t - 159, 0 = 5*t - 4*d - 297. Let k be 13 + 54/((-27)/(-3)). Calculate the greatest common factor of k and t.
19
Let m(x) = -4*x - 32. Let j be m(-16). Let v = 38 + -30. What is the greatest common factor of j and v?
8
Let i be 505/2*52/65. Suppose -5*t = -203 - i. What is the greatest common factor of 27 and t?
27
Suppose 0 = -m - 5*s - 6, 2*m + 6 = m - s. Let i = m - -29. Calculate the highest common factor of i and 23.
23
Let t(l) = 2*l + 1. Let s be t(3). Suppose 5 + s = 4*v. Suppose 71 = v*r - 94. Calculate the highest common factor of 5 and r.
5
Suppose 5*o - 8 = 3*u, u + 53 = 57. Suppose -8 = -5*d + 5*a + 2, 29 = 2*d + 3*a. Let k be 7*d/(14/o). Calculate the highest common divisor of k and 112.
14
Suppose 8*c + 377 - 1657 = 0. What is the greatest common divisor of 512 and c?
32
Let g(i) = 2*i. Suppose c = -4*c. Suppose 0 = -3*y - c*y + 24. Let q be g(y). What is the highest common divisor of 32 and q?
16
Let b be (1798/3)/(12/36). What is the greatest common divisor of 62 and b?
62
Let v = -24 + 27. Suppose 0*h - 2 = -h. Suppose 0 = -h*a - f - f + 14, -4*a + 4*f - 4 = 0. What is the greatest common divisor of a and v?
3
Suppose -3*z = -3*a + 14 + 13, z - 3 = -2*a. Suppose -3*d = 4*t - 186 - 156, -2*d = -a. Calculate the highest common factor of t and 56.
28
Let r be (45/27)/(10/12). Let b be (-145)/(-4) - r/8. Suppose 2*v + 8 = 0, -m - 7 = -4*v - 32. Calculate the highest common factor of m and b.
9
Let p(y) = y**2 + 3*y + 2. Let c be -6 - (-3 - 0/2). Let h be (2/c + 1)*21. Let v be p(h). What is the greatest common factor of v and 12?
12
Suppose -69*r + 31*r = -2622. What is the greatest common factor of 1587 and r?
69
Let t(w) = 5*w - 15. Let x(z) = 6*z - 15. Let p(k) = -7*t(k) + 6*x(k). Let u be p(-14). What is the greatest common divisor of 1 and u?
1
Suppose -j - 2 = 1, -12 = -y + 4*j. Suppose -2*z + y*n + 2*n + 64 = 0, z - 5*n - 24 = 0. What is the highest common factor of z and 17?
17
Suppose -258 = -5*z + 42. Suppose z = -2*k + 6*k. Calculate the highest common factor of 75 and k.
15
Let u(a) = 3*a + 11. Let g be u(0). Let k(d) = d**3 + 5*d**2 - 4*d - 3. Let t be k(-4). Let w = 40 - t. What is the highest common factor of g and w?
11
Suppose 2*p + 19 = h, 0 = 2*h - p + 4*p - 45. Suppose -71*k + 15*k + 392 = 0. Calculate the highest common factor of h and k.
7
Suppose 0 = 18*y - 202 - 176. Calculate the greatest common factor of y and 672.
21
Suppose 2*z = -4*o + 66, -31 = -0*z - 2*z + 3*o. What is the greatest common factor of 621 and z?
23
Let f(n) = -15*n - 14. Let c = -21 - -14. Let y be f(c). What is the greatest common factor of 13 and y?
13
Let m = -22 - -18. Let d(v) be the first derivative of v**3/3 - 2*v - 2. Let g be d(m). Calculate the highest common divisor of g and 14.
14
Let q(s) = -3*s - 33. Let w be q(-12). Suppose w*o = 4*r - 74, -3*r + o + 62 = 2*o. What is the highest common factor of 8 and r?
4
Suppose -5*z + 37 = -g + 536, -2*g + 3*z = -977. Calculate the highest common factor of g and 44.
44
Let z(w) = 24*w - 309. Let q be z(25). What is the greatest common divisor of q and 776?
97
Let d = -129 - -182. Calculate the highest common divisor of 212 and d.
53
Let b(x) = -5*x + 83. Let j be b(-3). What is the highest common divisor of j and 56?
14
Let k(a) = 21*a**2 + 2*a - 2. Let x be k(-2). What is the highest common factor of x and 741?
39
Let f(z) = z**2 - 11*z + 91. Let g be f(9). What is the greatest common divisor of 1 and g?
1
Let d be 1 + (3 - -4) + 820. Calculate the highest common factor of 368 and d.
92
Let j = -43 + 183. What is the highest common divisor of 105 and j?
35
Let f(v) = 2*v + 31. Let q be f(-9). What is the greatest common divisor of 26 and q?
13
Let n be 4 + -2 - (10 - 8). Suppose 46 = 2*u - 5*a - 27, n = u + 3*a - 9. Calculate the greatest common divisor of 16 and u.
8
Let b(q) = 3*q**2 + 27*q + 56. Let k be b(-9). Calculate the highest common factor of k and 28.
28
Let b be -4*(0 - (-2 - -3)). Let u be (-50)/(-3)*30/25. Suppose -t + u + 57 = k, -b*k + 5*t = -308. Calculate the highest common factor of 7 and k.
7
Let j = 779 - 1169. Let c = j + 637. Calculate the highest common factor of 13 and c.
13
Let u be (-4)/11 + (-31992)/(-132). Calculate the highest common divisor of u and 176.
22
Let x(d) = -d**2 - 3*d + 4. Let u be x(-3). Calculate the highest common factor of u and 3.
1
Let h = -1100 - -1119. Calculate the highest common divisor of h and 361.
19
Let k(y) = y**2 + 3*y - 239. Let j be k(29). What is the highest common factor of 13 and j?
13
Let b be 1/((3 + -2)*1/(-265)). Let d = 377 + b. Calculate the greatest common factor of d and 28.
28
Suppose 3*j = -0*j + 12, 51 = 3*q - 3*j. What is the highest common divisor of 7 and q?
7
Let u(o) = 2*o**2 - 3*o - 1. Let h be u(3). Let y(l) = -l**2 + 7*l + 14. Let x be y(9). Let q be (x/3)/2*-108. Calculate the highest common factor of q and h.
8
Suppose 5*d = -h + 32, -8*h + 4*h = -2*d - 62. Suppose q + 7 = -q - 3*p, -p - 7 = -4*q. What is the highest common factor of q and h?
1
Let q(p) = 10*p**3 - 15*p + 34. Let n be q(3). What is the greatest common factor of n and 185?
37
Let s be 39*(-15)/(-5) + -5. Let i be (-10)/15 + (s/(-12))/(-2). What is the greatest common divisor of 20 and i?
4
Let d(w) = -2*w**2 + 63*w + 30. Let f be d(18). Calculate the greatest common divisor of 12 an